{"id":700,"date":"2022-06-19T07:55:41","date_gmt":"2022-06-19T07:55:41","guid":{"rendered":"https:\/\/trainuup.com\/?page_id=700"},"modified":"2022-06-19T11:55:00","modified_gmt":"2022-06-19T11:55:00","slug":"impressum","status":"publish","type":"page","link":"https:\/\/trainuup.com\/index.php\/impressum\/","title":{"rendered":"Impressum"},"content":{"rendered":"\n<h3 class=\"wp-block-heading\">Impressum<\/h3>\n\n\n\n<p><strong>FIRMENDATEN<\/strong><br>Maurizio Nuzzaci<br>Coaching und Training<br>Johann-Staud-Stra\u00dfe 72\/E33, 1160 Wien<\/p>\n\n\n\n<p><strong>UMSTAZSTEUER<\/strong><br>UID\/ATU: 78114407<\/p>\n\n\n\n<p><strong>KONTAKTDATEN<\/strong><br>E-Mail: mnuzzaci@trainuup.com<br>Telefon: +43 664 1014678<\/p>\n\n\n\n<p><strong>URHEBERRECHT<\/strong><br>Die durch die Seitenbetreiber erstellten Inhalte und Werke auf diesen Seiten unterliegen dem \u00f6sterreichischen Urheberrecht. Die Vervielf\u00e4ltigung, Bearbeitung, Verbreitung und jede Art der Verwertung au\u00dferhalb der Grenzen des Urheberrechtes bed\u00fcrfen der schriftlichen Zustimmung des jeweiligen Autors bzw. Erstellers. Downloads und Kopien dieser Seite sind nur f\u00fcr den privaten, nicht kommerziellen Gebrauch gestattet.<\/p>\n\n\n\n<p>Soweit die Inhalte auf dieser Seite nicht vom Betreiber erstellt wurden, werden die Urheberrechte Dritter beachtet. Insbesondere werden Inhalte Dritter als solche gekennzeichnet. Sollten Sie trotzdem auf eine Urheberrechtsverletzung aufmerksam werden, bitten wir um einen entsprechenden Hinweis. Bei Bekanntwerden von Rechtsverletzungen werden wir derartige Inhalte umgehend entfernen.<\/p>\n\n\n\n<p><strong>WEBSEITE<\/strong><br><strong>Web-Design<\/strong><br>Elfo Graphics<br>Elias Pani<br>Kontakt: elias@pani-nuzzaci.at<br><strong>Webhosting \/ Websitebetreiber<\/strong><br>Summit Solutions GmbH<br>3400 Klosterneuburg<br>Kontakt: office@summitsolutions.at<\/p>\n\n\n\n<p><strong>FOTOS<\/strong><br>www.petergriesser.com<\/p>\n","protected":false},"excerpt":{"rendered":"<p>Impressum FIRMENDATENMaurizio NuzzaciCoaching und TrainingJohann-Staud-Stra\u00dfe 72\/E33, 1160 Wien UMSTAZSTEUERUID\/ATU: 78114407 KONTAKTDATENE-Mail: mnuzzaci@trainuup.comTelefon: +43 664 1014678 URHEBERRECHTDie durch die Seitenbetreiber erstellten Inhalte und Werke auf diesen Seiten unterliegen dem \u00f6sterreichischen Urheberrecht. Die Vervielf\u00e4ltigung, Bearbeitung, Verbreitung und jede Art der Verwertung au\u00dferhalb der Grenzen des Urheberrechtes bed\u00fcrfen der schriftlichen Zustimmung des jeweiligen Autors bzw. Erstellers. Downloads und&hellip;&nbsp;<a href=\"https:\/\/trainuup.com\/index.php\/impressum\/\" class=\"\" rel=\"bookmark\">Weiterlesen &raquo;<span class=\"screen-reader-text\">Impressum<\/span><\/a><\/p>\n","protected":false},"author":2,"featured_media":0,"parent":0,"menu_order":0,"comment_status":"closed","ping_status":"closed","template":"","meta":{"neve_meta_sidebar":"","neve_meta_container":"","neve_meta_enable_content_width":"","neve_meta_content_width":0,"neve_meta_title_alignment":"","neve_meta_author_avatar":"","neve_post_elements_order":"","neve_meta_disable_header":"","neve_meta_disable_footer":"","neve_meta_disable_title":"","footnotes":""},"class_list":["post-700","page","type-page","status-publish","hentry"],"yoast_head":"<!-- This site is optimized with the Yoast SEO plugin v21.7 - https:\/\/yoast.com\/wordpress\/plugins\/seo\/ -->\n<title>Impressum - traiNUup<\/title>\n<meta name=\"robots\" content=\"index, follow, max-snippet:-1, max-image-preview:large, max-video-preview:-1\" \/>\n<link rel=\"canonical\" href=\"https:\/\/trainuup.com\/index.php\/impressum\/\" \/>\n<meta property=\"og:locale\" content=\"de_DE\" \/>\n<meta property=\"og:type\" content=\"article\" \/>\n<meta property=\"og:title\" content=\"Impressum - traiNUup\" \/>\n<meta property=\"og:description\" content=\"Impressum FIRMENDATENMaurizio NuzzaciCoaching und TrainingJohann-Staud-Stra\u00dfe 72\/E33, 1160 Wien UMSTAZSTEUERUID\/ATU: 78114407 KONTAKTDATENE-Mail: mnuzzaci@trainuup.comTelefon: +43 664 1014678 URHEBERRECHTDie durch die Seitenbetreiber erstellten Inhalte und Werke auf diesen Seiten unterliegen dem \u00f6sterreichischen Urheberrecht. Die Vervielf\u00e4ltigung, Bearbeitung, Verbreitung und jede Art der Verwertung au\u00dferhalb der Grenzen des Urheberrechtes bed\u00fcrfen der schriftlichen Zustimmung des jeweiligen Autors bzw. Erstellers. Downloads und&hellip;&nbsp;Weiterlesen &raquo;Impressum\" \/>\n<meta property=\"og:url\" content=\"https:\/\/trainuup.com\/index.php\/impressum\/\" \/>\n<meta property=\"og:site_name\" content=\"traiNUup\" \/>\n<meta property=\"article:modified_time\" content=\"2022-06-19T11:55:00+00:00\" \/>\n<meta name=\"twitter:card\" content=\"summary_large_image\" \/>\n<meta name=\"twitter:label1\" content=\"Gesch\u00e4tzte Lesezeit\" \/>\n\t<meta name=\"twitter:data1\" content=\"1 Minute\" \/>\n<script type=\"application\/ld+json\" class=\"yoast-schema-graph\">{\"@context\":\"https:\/\/schema.org\",\"@graph\":[{\"@type\":\"WebPage\",\"@id\":\"https:\/\/trainuup.com\/index.php\/impressum\/\",\"url\":\"https:\/\/trainuup.com\/index.php\/impressum\/\",\"name\":\"Impressum - traiNUup\",\"isPartOf\":{\"@id\":\"https:\/\/trainuup.com\/#website\"},\"datePublished\":\"2022-06-19T07:55:41+00:00\",\"dateModified\":\"2022-06-19T11:55:00+00:00\",\"breadcrumb\":{\"@id\":\"https:\/\/trainuup.com\/index.php\/impressum\/#breadcrumb\"},\"inLanguage\":\"de-AT\",\"potentialAction\":[{\"@type\":\"ReadAction\",\"target\":[\"https:\/\/trainuup.com\/index.php\/impressum\/\"]}]},{\"@type\":\"BreadcrumbList\",\"@id\":\"https:\/\/trainuup.com\/index.php\/impressum\/#breadcrumb\",\"itemListElement\":[{\"@type\":\"ListItem\",\"position\":1,\"name\":\"Startseite\",\"item\":\"https:\/\/trainuup.com\/\"},{\"@type\":\"ListItem\",\"position\":2,\"name\":\"Impressum\"}]},{\"@type\":\"WebSite\",\"@id\":\"https:\/\/trainuup.com\/#website\",\"url\":\"https:\/\/trainuup.com\/\",\"name\":\"traiNUup\",\"description\":\"Coaching | Training | Potenziale heben\",\"publisher\":{\"@id\":\"https:\/\/trainuup.com\/#organization\"},\"potentialAction\":[{\"@type\":\"SearchAction\",\"target\":{\"@type\":\"EntryPoint\",\"urlTemplate\":\"https:\/\/trainuup.com\/?s={search_term_string}\"},\"query-input\":\"required name=search_term_string\"}],\"inLanguage\":\"de-AT\"},{\"@type\":\"Organization\",\"@id\":\"https:\/\/trainuup.com\/#organization\",\"name\":\"traiNUup\",\"url\":\"https:\/\/trainuup.com\/\",\"logo\":{\"@type\":\"ImageObject\",\"inLanguage\":\"de-AT\",\"@id\":\"https:\/\/trainuup.com\/#\/schema\/logo\/image\/\",\"url\":\"https:\/\/mlv30jfrag7f.i.optimole.com\/w:auto\/h:auto\/q:mauto\/f:best\/https:\/\/trainuup.com\/wp-content\/uploads\/2022\/06\/Logo_FINAL-EDEL_QUADRAT-1.png\",\"contentUrl\":\"https:\/\/mlv30jfrag7f.i.optimole.com\/w:auto\/h:auto\/q:mauto\/f:best\/https:\/\/trainuup.com\/wp-content\/uploads\/2022\/06\/Logo_FINAL-EDEL_QUADRAT-1.png\",\"width\":1308,\"height\":1307,\"caption\":\"traiNUup\"},\"image\":{\"@id\":\"https:\/\/trainuup.com\/#\/schema\/logo\/image\/\"}}]}<\/script>\n<!-- \/ Yoast SEO plugin. -->","yoast_head_json":{"title":"Impressum - traiNUup","robots":{"index":"index","follow":"follow","max-snippet":"max-snippet:-1","max-image-preview":"max-image-preview:large","max-video-preview":"max-video-preview:-1"},"canonical":"https:\/\/trainuup.com\/index.php\/impressum\/","og_locale":"de_DE","og_type":"article","og_title":"Impressum - traiNUup","og_description":"Impressum FIRMENDATENMaurizio NuzzaciCoaching und TrainingJohann-Staud-Stra\u00dfe 72\/E33, 1160 Wien UMSTAZSTEUERUID\/ATU: 78114407 KONTAKTDATENE-Mail: mnuzzaci@trainuup.comTelefon: +43 664 1014678 URHEBERRECHTDie durch die Seitenbetreiber erstellten Inhalte und Werke auf diesen Seiten unterliegen dem \u00f6sterreichischen Urheberrecht. Die Vervielf\u00e4ltigung, Bearbeitung, Verbreitung und jede Art der Verwertung au\u00dferhalb der Grenzen des Urheberrechtes bed\u00fcrfen der schriftlichen Zustimmung des jeweiligen Autors bzw. Erstellers. Downloads und&hellip;&nbsp;Weiterlesen &raquo;Impressum","og_url":"https:\/\/trainuup.com\/index.php\/impressum\/","og_site_name":"traiNUup","article_modified_time":"2022-06-19T11:55:00+00:00","twitter_card":"summary_large_image","twitter_misc":{"Gesch\u00e4tzte Lesezeit":"1 Minute"},"schema":{"@context":"https:\/\/schema.org","@graph":[{"@type":"WebPage","@id":"https:\/\/trainuup.com\/index.php\/impressum\/","url":"https:\/\/trainuup.com\/index.php\/impressum\/","name":"Impressum - traiNUup","isPartOf":{"@id":"https:\/\/trainuup.com\/#website"},"datePublished":"2022-06-19T07:55:41+00:00","dateModified":"2022-06-19T11:55:00+00:00","breadcrumb":{"@id":"https:\/\/trainuup.com\/index.php\/impressum\/#breadcrumb"},"inLanguage":"de-AT","potentialAction":[{"@type":"ReadAction","target":["https:\/\/trainuup.com\/index.php\/impressum\/"]}]},{"@type":"BreadcrumbList","@id":"https:\/\/trainuup.com\/index.php\/impressum\/#breadcrumb","itemListElement":[{"@type":"ListItem","position":1,"name":"Startseite","item":"https:\/\/trainuup.com\/"},{"@type":"ListItem","position":2,"name":"Impressum"}]},{"@type":"WebSite","@id":"https:\/\/trainuup.com\/#website","url":"https:\/\/trainuup.com\/","name":"traiNUup","description":"Coaching | Training | Potenziale heben","publisher":{"@id":"https:\/\/trainuup.com\/#organization"},"potentialAction":[{"@type":"SearchAction","target":{"@type":"EntryPoint","urlTemplate":"https:\/\/trainuup.com\/?s={search_term_string}"},"query-input":"required name=search_term_string"}],"inLanguage":"de-AT"},{"@type":"Organization","@id":"https:\/\/trainuup.com\/#organization","name":"traiNUup","url":"https:\/\/trainuup.com\/","logo":{"@type":"ImageObject","inLanguage":"de-AT","@id":"https:\/\/trainuup.com\/#\/schema\/logo\/image\/","url":"https:\/\/mlv30jfrag7f.i.optimole.com\/w:auto\/h:auto\/q:mauto\/f:best\/https:\/\/trainuup.com\/wp-content\/uploads\/2022\/06\/Logo_FINAL-EDEL_QUADRAT-1.png","contentUrl":"https:\/\/mlv30jfrag7f.i.optimole.com\/w:auto\/h:auto\/q:mauto\/f:best\/https:\/\/trainuup.com\/wp-content\/uploads\/2022\/06\/Logo_FINAL-EDEL_QUADRAT-1.png","width":1308,"height":1307,"caption":"traiNUup"},"image":{"@id":"https:\/\/trainuup.com\/#\/schema\/logo\/image\/"}}]}},"_links":{"self":[{"href":"https:\/\/trainuup.com\/index.php\/wp-json\/wp\/v2\/pages\/700","targetHints":{"allow":["GET"]}}],"collection":[{"href":"https:\/\/trainuup.com\/index.php\/wp-json\/wp\/v2\/pages"}],"about":[{"href":"https:\/\/trainuup.com\/index.php\/wp-json\/wp\/v2\/types\/page"}],"author":[{"embeddable":true,"href":"https:\/\/trainuup.com\/index.php\/wp-json\/wp\/v2\/users\/2"}],"replies":[{"embeddable":true,"href":"https:\/\/trainuup.com\/index.php\/wp-json\/wp\/v2\/comments?post=700"}],"version-history":[{"count":6,"href":"https:\/\/trainuup.com\/index.php\/wp-json\/wp\/v2\/pages\/700\/revisions"}],"predecessor-version":[{"id":745,"href":"https:\/\/trainuup.com\/index.php\/wp-json\/wp\/v2\/pages\/700\/revisions\/745"}],"wp:attachment":[{"href":"https:\/\/trainuup.com\/index.php\/wp-json\/wp\/v2\/media?parent=700"}],"curies":[{"name":"wp","href":"https:\/\/api.w.org\/{rel}","templated":true}]}}